{"id":17,"date":"2024-11-18T22:31:05","date_gmt":"2024-11-19T01:31:05","guid":{"rendered":"https:\/\/trenkehue.com.ar\/?page_id=17"},"modified":"2026-04-11T06:24:04","modified_gmt":"2026-04-11T09:24:04","slug":"carrera-de-astrologia","status":"publish","type":"page","link":"https:\/\/trenkehue.com.ar\/index.php\/carrera-de-astrologia\/","title":{"rendered":"Carrera de Astrolog\u00eda"},"content":{"rendered":"\t\t<div data-elementor-type=\"wp-page\" data-elementor-id=\"17\" class=\"elementor elementor-17\">\n\t\t\t\t<div class=\"elementor-element elementor-element-e3ee6e8 e-con-full sa-backdrop-filter-yes e-flex e-con e-parent\" data-id=\"e3ee6e8\" data-element_type=\"container\" data-e-type=\"container\" data-settings=\"{&quot;sa_agbg_enable&quot;:&quot;yes&quot;,&quot;sa_agbg_color_list&quot;:[{&quot;sa_agbg_start_color&quot;:&quot;#8441A4&quot;,&quot;sa_agbg_end_color&quot;:&quot;#E0528D&quot;,&quot;_id&quot;:&quot;d233b06&quot;},{&quot;sa_agbg_start_color&quot;:&quot;#00F260&quot;,&quot;sa_agbg_end_color&quot;:&quot;#0575E6&quot;,&quot;_id&quot;:&quot;f0914dd&quot;},{&quot;sa_agbg_start_color&quot;:&quot;#e1eec3&quot;,&quot;sa_agbg_end_color&quot;:&quot;#f05053&quot;,&quot;_id&quot;:&quot;43c3c6c&quot;}],&quot;sa_rf_enable&quot;:&quot;yes&quot;,&quot;sa_agbg_transition_speed&quot;:{&quot;unit&quot;:&quot;px&quot;,&quot;size&quot;:&quot;&quot;,&quot;sizes&quot;:[]},&quot;sa_rf_drop_radius&quot;:{&quot;unit&quot;:&quot;px&quot;,&quot;size&quot;:&quot;&quot;,&quot;sizes&quot;:[]},&quot;sa_rf_perturbance&quot;:{&quot;unit&quot;:&quot;px&quot;,&quot;size&quot;:&quot;&quot;,&quot;sizes&quot;:[]}}\">\n\t\t\t\t<div class=\"elementor-element elementor-element-79a67e4 elementor-widget elementor-widget-heading\" data-id=\"79a67e4\" data-element_type=\"widget\" data-e-type=\"widget\" data-widget_type=\"heading.default\">\n\t\t\t\t<div class=\"elementor-widget-container\">\n\t\t\t\t\t<h2 class=\"elementor-heading-title elementor-size-default\">Carrera de Astrolog\u00eda Presencial en L\u00ednea<\/h2>\t\t\t\t<\/div>\n\t\t\t\t<\/div>\n\t\t\t\t<\/div>\n\t\t<div class=\"elementor-element elementor-element-ffdc236 e-flex e-con-boxed e-con e-parent\" data-id=\"ffdc236\" data-element_type=\"container\" data-e-type=\"container\">\n\t\t\t\t\t<div class=\"e-con-inner\">\n\t\t\t\t<div class=\"elementor-element elementor-element-d6a08d5 elementor-widget elementor-widget-html\" data-id=\"d6a08d5\" data-element_type=\"widget\" data-e-type=\"widget\" data-widget_type=\"html.default\">\n\t\t\t\t<div class=\"elementor-widget-container\">\n\t\t\t\t\t<!DOCTYPE html>\r\n<html lang=\"es\">\r\n<head>\r\n    <meta charset=\"UTF-8\">\r\n    <meta name=\"viewport\" content=\"width=device-width, initial-scale=1.0\">\r\n    <title>Carrera de Astrolog\u00eda Presencial en L\u00ednea<\/title>\r\n    <style>\r\n        body {\r\n            font-family: Arial, sans-serif;\r\n            margin: 0;\r\n            padding: 0;\r\n            background-color: #f5f5f5;\r\n        }\r\n        .container {\r\n            max-width: 1200px;\r\n            margin: 0 auto;\r\n            padding: 20px;\r\n        }\r\n        .product-header {\r\n            display: flex;\r\n            flex-wrap: wrap;\r\n            background: #fff;\r\n            padding: 20px;\r\n            border-radius: 8px;\r\n            box-shadow: 0 2px 4px rgba(0, 0, 0, 0.1);\r\n            margin-bottom: 20px;\r\n        }\r\n        .product-header img {\r\n            max-width: 100%;\r\n            border-radius: 8px;\r\n        }\r\n        .product-details {\r\n            flex: 1;\r\n            padding: 0 20px;\r\n        }\r\n        .product-details h1 {\r\n            font-size: 24px;\r\n            margin: 0 0 10px;\r\n        }\r\n        .product-details p {\r\n            margin: 10px 0;\r\n            color: #555;\r\n        }\r\n        .product-details .price {\r\n            font-size: 24px;\r\n            color: #007b00;\r\n            font-weight: bold;\r\n            margin: 15px 0;\r\n        }\r\n        .buttons-container {\r\n            display: flex;\r\n            gap: 10px;\r\n            margin-top: 20px;\r\n        }\r\n        .button {\r\n            flex: 1;\r\n            padding: 10px 20px;\r\n            border: none;\r\n            border-radius: 4px;\r\n            cursor: pointer;\r\n            font-size: 16px;\r\n            text-transform: uppercase;\r\n            font-weight: bold;\r\n            color: white;\r\n            text-align: center;\r\n        }\r\n        .button-green {\r\n            background: #007b00;\r\n        }\r\n        .button-green:hover {\r\n            background: #005a00;\r\n        }\r\n        .button-blue {\r\n            background: #005b99;\r\n        }\r\n        .button-blue:hover {\r\n            background: #003d66;\r\n        }\r\n        .product-description {\r\n            background: #fff;\r\n            padding: 20px;\r\n            border-radius: 8px;\r\n            box-shadow: 0 2px 4px rgba(0, 0, 0, 0.1);\r\n        }\r\n        .product-description h2 {\r\n            margin: 0 0 10px;\r\n        }\r\n        .product-description ul {\r\n            list-style: disc;\r\n            margin-left: 20px;\r\n        }\r\n        .contact-info {\r\n            margin-top: 20px;\r\n            background: #fff;\r\n            padding: 20px;\r\n            border-radius: 8px;\r\n            box-shadow: 0 2px 4px rgba(0, 0, 0, 0.1);\r\n        }\r\n        .contact-info p {\r\n            margin: 10px 0;\r\n        }\r\n        .additional-info {\r\n            background: #fff;\r\n            padding: 20px;\r\n            border-radius: 8px;\r\n            box-shadow: 0 2px 4px rgba(0, 0, 0, 0.1);\r\n            margin-top: 20px;\r\n        }\r\n        .additional-info .info-item {\r\n            display: flex;\r\n            align-items: center;\r\n            margin-bottom: 15px;\r\n        }\r\n        .additional-info .info-item img {\r\n            width: 48px;\r\n            height: 48px;\r\n            margin-right: 10px;\r\n        }\r\n        .additional-info .info-item p {\r\n            margin: 0;\r\n            color: #555;\r\n        }\r\n    <\/style>\r\n<\/head>\r\n<body>\r\n    <div class=\"container\">\r\n        <div class=\"product-header\">\r\n            <img decoding=\"async\" src=\"https:\/\/trenkehue.com.ar\/wp-content\/uploads\/2024\/11\/caratula-curso-astrologia-trenkehue.png\" alt=\"Carrera de Astrolog\u00eda\">\r\n            <div class=\"product-details\">\r\n                <h1>Carrera de Astrolog\u00eda Presencial en L\u00ednea<\/h1>\r\n                <p><strong>Estructura:<\/strong> Clases semanales en l\u00ednea de 90 minutos, desde marzo a diciembre.<\/p>\r\n                <p><strong>Duraci\u00f3n:<\/strong> 4 ciclos anuales de 9 meses.<\/p>\r\n                <p><strong>Horarios:<\/strong> Lunes de 18:45 a 20:15 (hora Argentina).<\/p>\r\n                <div class=\"additional-info\">\r\n                    <div class=\"info-item\">\r\n                        <img decoding=\"async\" src=\"https:\/\/trenkehue.com.ar\/wp-content\/uploads\/2024\/11\/social.png\" alt=\"Pago\">\r\n                        <p>Aceptamos todos los medios de pago<\/p>\r\n                    <\/div>\r\n                    <div class=\"info-item\">\r\n                        <img decoding=\"async\" src=\"https:\/\/trenkehue.com.ar\/wp-content\/uploads\/2024\/11\/tarjeta-de-credito.png\" alt=\"Cuotas\">\r\n                        <p>Pag\u00e1 en cuotas o con MercadoCr\u00e9dito<\/p>\r\n                    <\/div>\r\n                    <div class=\"info-item\">\r\n                        <img decoding=\"async\" src=\"https:\/\/trenkehue.com.ar\/wp-content\/uploads\/2024\/11\/informacion.png\" alt=\"Informaci\u00f3n\">\r\n                        <p>Una vez hecha la compra te enviaremos acceso desde el enlace a nuestro curso<\/p>\r\n                    <\/div>\r\n                <\/div>\r\n                <div class=\"price\">$45.000 \/ mes<\/div>\r\n               <div class=\"buttons-container\">\r\n    <a href=\"https:\/\/mpago.la\/1mRcus4\" class=\"button button-green\">Comprar<\/a>\r\n    <a href=\"https:\/\/trenkehue.com.ar\/index.php\/producto\/carrera-de-astrologia\/\" class=\"button button-blue\"> Pago 10% OFF Anual<\/a>\r\n<\/div>\r\n\r\n            <\/div>\r\n        <\/div>\r\n\r\n        <div class=\"product-description\">\r\n            <h2>\u00bfQu\u00e9 incluye?<\/h2>\r\n            <ul>\r\n                <li>Materiales de estudio proporcionados por nuestra editorial.<\/li>\r\n                <li>Clases con profesores especializados.<\/li>\r\n                <li>Acceso a contenido exclusivo.<\/li>\r\n            <\/ul>\r\n\r\n            <h2>Programa de Estudios<\/h2>\r\n            <ul>\r\n                <li><strong>El Lenguaje Astrol\u00f3gico:<\/strong> Estudio de signos y polaridades.<\/li>\r\n                <li><strong>El Sistema de Casas:<\/strong> An\u00e1lisis del significado de cada Casa.<\/li>\r\n                <li><strong>Los Planetas:<\/strong> Regencias y conexiones con mitolog\u00eda.<\/li>\r\n                <li><strong>Los Aspectos:<\/strong> Concepto y an\u00e1lisis astrol\u00f3gico.<\/li>\r\n                <li><strong>La Interpretaci\u00f3n:<\/strong> Balance de elementos y m\u00e9todos interpretativos.<\/li>\r\n            <\/ul>\r\n\r\n            <h2>Requisitos<\/h2>\r\n            <p>Mayor de 18 a\u00f1os, sin necesidad de conocimientos previos.<\/p>\r\n        <\/div>\r\n\r\n        <div class=\"contact-info\">\r\n            <h2>Contacto<\/h2>\r\n            <p>Email: <a href=\"mailto:info@trenkehue.com.ar\">info@trenkehue.com.ar<\/a><\/p>\r\n            <p>Tel\u00e9fono: <a href=\"tel:+541127966393\">(+54) 11 2796 6393\r\n<\/a><\/p>\r\n        <\/div>\r\n    <\/div>\r\n<\/body>\r\n<\/html>\r\n\t\t\t\t<\/div>\n\t\t\t\t<\/div>\n\t\t\t\t\t<\/div>\n\t\t\t\t<\/div>\n\t\t<div class=\"elementor-element elementor-element-9897a36 e-flex e-con-boxed e-con e-parent\" data-id=\"9897a36\" data-element_type=\"container\" data-e-type=\"container\">\n\t\t\t\t\t<div class=\"e-con-inner\">\n\t\t\t\t<div class=\"elementor-element elementor-element-9314e6b elementor-widget elementor-widget-html\" data-id=\"9314e6b\" data-element_type=\"widget\" data-e-type=\"widget\" data-widget_type=\"html.default\">\n\t\t\t\t<div class=\"elementor-widget-container\">\n\t\t\t\t\t<div style=\"background-color: #1a1a1a; border-radius: 15px; padding: 20px; max-width: 1600px; margin: auto; color: #ffffff;\">\r\n    <h2 style=\"text-align: center; color: #00bcd4; font-size: 24px; font-weight: bold;\">Estructura de la Carrera de Astrolog\u00eda<\/h2>\r\n    <p><strong>Estudio en Grupos:<\/strong> La <em>carrera de astrolog\u00eda<\/em> se cursa en <b>grupos<\/b> que mantienen su d\u00eda y horario de clases durante toda la duraci\u00f3n del programa. Participan <strong>alumnas y alumnos de todo el mundo<\/strong>, y las clases son <b>presenciales en l\u00ednea<\/b>.<\/p>\r\n    <p><strong>Duraci\u00f3n y Ciclos:<\/strong> Las <em>clases semanales<\/em> duran 90 minutos, de <strong>18:45 a 20:15<\/strong> hora de Argentina, cada <em>lunes<\/em> (grupo inicial 2026). La carrera se desarrolla desde el <strong>16 de marzo hasta el 14 de diciembre<\/strong> en 4 ciclos anuales de 9 meses cada uno. Los pagos son el d\u00eda 21 de cada mes, comenzando en marzo.<\/p>\r\n    <p><strong>$45000<\/strong> por mes<\/p>\r\n    <p><a href=\"https:\/\/mpago.la\/1mRcus4\" class=\"button button-green\" target=\"_blank\">Inscribirme<\/a><\/p>\r\n    \r\n    <h3 style=\"color: #00bcd4; font-size: 20px;\">Materiales de Estudio<\/h3>\r\n    <p><strong>Nuestra Editorial<\/strong> proporciona todos los <strong>libros de astrolog\u00eda<\/strong> necesarios para completar la <em>carrera<\/em>. Los materiales est\u00e1n dise\u00f1ados especialmente para cubrir cada aspecto de los ciclos de aprendizaje.<\/p>\r\n    \r\n    <h3 style=\"color: #00bcd4; font-size: 20px;\">Requisitos<\/h3>\r\n    <p>Para inscribirte, solo necesitas <b>ser mayor de 18 a\u00f1os<\/b> y <b>saber leer y escribir<\/b>. No se requieren conocimientos previos en astrolog\u00eda.<\/p>\r\n    \r\n    <h3 style=\"color: #00bcd4; font-size: 20px;\">Modalidad Singular<\/h3>\r\n    <p>\u00bfPrefieres una modalidad singular? S\u00ed, puedes optar por <em>clases individuales<\/em> en horarios acordados, abonando por cada clase.<\/p>\r\n    \r\n    \r\n<\/div>\r\n\t\t\t\t<\/div>\n\t\t\t\t<\/div>\n\t\t\t\t\t<\/div>\n\t\t\t\t<\/div>\n\t\t\t\t<section class=\"elementor-section elementor-top-section elementor-element elementor-element-de7f0c3 elementor-section-content-middle elementor-section-boxed elementor-section-height-default elementor-section-height-default\" data-id=\"de7f0c3\" data-element_type=\"section\" data-e-type=\"section\" data-settings=\"{&quot;background_background&quot;:&quot;classic&quot;}\">\n\t\t\t\t\t\t<div class=\"elementor-container elementor-column-gap-default\">\n\t\t\t\t\t<div class=\"elementor-column elementor-col-50 elementor-top-column elementor-element elementor-element-72dd2ff\" data-id=\"72dd2ff\" data-element_type=\"column\" data-e-type=\"column\">\n\t\t\t<div class=\"elementor-widget-wrap elementor-element-populated\">\n\t\t\t\t\t\t<div class=\"elementor-element elementor-element-bb875c2 elementor-widget elementor-widget-image-noxiy\" data-id=\"bb875c2\" data-element_type=\"widget\" data-e-type=\"widget\" data-widget_type=\"image-noxiy.default\">\n\t\t\t\t<div class=\"elementor-widget-container\">\n\t\t\t\t\t\r\n\r\n        \r\n\r\n        \r\n\r\n        \r\n\r\n        \r\n\r\n        \r\n\r\n        \r\n            <div class=\"about__three-left\">\r\n                \t\t\t\t<div class=\"about__three-left-image\">\r\n                    <div class=\"image-overlay dark__image\">\r\n                        <img decoding=\"async\" src=\"https:\/\/trenkehue.com.ar\/wp-content\/uploads\/2024\/11\/cover-curso-astrologia.webp\" alt=\"No alt text\" \/>                    <\/div>\r\n\t\t\t\t\t<div class=\"about__three-left-image-experience\" data-background=\"assets\/img\/shape\/experience.png\">\r\n                        <h1><span class=\"counter\">\r\n                                40                            <\/span>\r\n                            +                        <\/h1>\r\n                        <h5>\r\n                            A\u00f1os de Experiencia                        <\/h5>\r\n                        <p>\r\n                            Desde 1985, formando cientos de alumnos                        <\/p>\r\n\t\t\t\t\t<\/div>\r\n\t\t\t\t<\/div>\r\n\t\t\t<\/div>\r\n\r\n                \r\n\r\n\r\n                \r\n\r\n\r\n        \r\n\r\n        \r\n        \r\n         \r\n        \r\n        \r\n          \r\n        \r\n\r\n\r\n        \t\t\t\t<\/div>\n\t\t\t\t<\/div>\n\t\t\t\t\t<\/div>\n\t\t<\/div>\n\t\t\t\t<div class=\"elementor-column elementor-col-50 elementor-top-column elementor-element elementor-element-d32ddc3\" data-id=\"d32ddc3\" data-element_type=\"column\" data-e-type=\"column\">\n\t\t\t<div class=\"elementor-widget-wrap elementor-element-populated\">\n\t\t\t\t\t\t<div class=\"elementor-element elementor-element-927d73f elementor-widget__width-initial elementor-widget-mobile__width-inherit elementor-widget elementor-widget-heading\" data-id=\"927d73f\" data-element_type=\"widget\" data-e-type=\"widget\" data-widget_type=\"heading.default\">\n\t\t\t\t<div class=\"elementor-widget-container\">\n\t\t\t\t\t<h2 class=\"elementor-heading-title elementor-size-default\">\u00bfQu\u00e9 voy a lograr estudiando Astrolog\u00eda en Proyecto Trenkehu\u00e9?<\/h2>\t\t\t\t<\/div>\n\t\t\t\t<\/div>\n\t\t\t\t<div class=\"elementor-element elementor-element-1e2f7eb elementor-widget__width-initial elementor-widget-tablet__width-inherit elementor-widget elementor-widget-heading\" data-id=\"1e2f7eb\" data-element_type=\"widget\" data-e-type=\"widget\" data-widget_type=\"heading.default\">\n\t\t\t\t<div class=\"elementor-widget-container\">\n\t\t\t\t\t<p class=\"elementor-heading-title elementor-size-default\">Voy a capacitarme en una sabidur\u00eda que me entusiasma y me permite crecer profesionalmente.\nVoy a poder orientar a las personas haciendo interpretaci\u00f3n de Cartas Natales y Revoluciones Solares, Orientaci\u00f3n Vocacional, resoluci\u00f3n de conflictos a trav\u00e9s de la t\u00e9cnica de la Sinastr\u00eda o Comparaci\u00f3n de Cartas, y mucho m\u00e1s. \nVoy a poder ayudar a quienes me consultan a resolver situaciones, a tomar mejores decisiones, a conseguir sus objetivos, en fin, a mejorar sus vidas. \n\n\n<\/p>\t\t\t\t<\/div>\n\t\t\t\t<\/div>\n\t\t\t\t<div class=\"elementor-element elementor-element-547c8bb elementor-position-left elementor-widget__width-initial elementor-vertical-align-top elementor-widget elementor-widget-image-box\" data-id=\"547c8bb\" data-element_type=\"widget\" data-e-type=\"widget\" data-widget_type=\"image-box.default\">\n\t\t\t\t<div class=\"elementor-widget-container\">\n\t\t\t\t\t<div class=\"elementor-image-box-wrapper\"><figure class=\"elementor-image-box-img\"><img fetchpriority=\"high\" decoding=\"async\" width=\"480\" height=\"550\" src=\"https:\/\/trenkehue.com.ar\/wp-content\/uploads\/2024\/11\/cover-curso-astrologia.webp\" class=\"attachment-full size-full wp-image-84\" alt=\"\" srcset=\"https:\/\/trenkehue.com.ar\/wp-content\/uploads\/2024\/11\/cover-curso-astrologia.webp 480w, https:\/\/trenkehue.com.ar\/wp-content\/uploads\/2024\/11\/cover-curso-astrologia-262x300.webp 262w\" sizes=\"(max-width: 480px) 100vw, 480px\" \/><\/figure><div class=\"elementor-image-box-content\"><h4 class=\"elementor-image-box-title\">\u00bfY por qu\u00e9 me convendr\u00eda estudiar en Proyecto Trenkehu\u00e9 y no en otra escuela?<\/h4><p class=\"elementor-image-box-description\">Porque: <br>\n1.\tTiene <b>40 a\u00f1os de experiencia. <\/b>Ense\u00f1a Astrolog\u00eda desde 1985 y ha formado a cientos de alumnos que practican el arte astrol\u00f3gico con \u00e9xito.<br>\n2.\tTiene un enfoque propio que respeta y revitaliza la tradici\u00f3n milenaria de la Astrolog\u00eda con aportes originales que no encontrar\u00e9 en ninguna otra escuela.<br>\n3.\tLa Carrera se nutre de la investigaci\u00f3n permanente que va quedando plasmada en libros constantemente actualizados y publicados por su propia editorial a precios accesibles.<br>\n4.\tLos profesores enriquecen la teor\u00eda astrol\u00f3gica desde la Filosof\u00eda, la Literatura y la Mitolog\u00eda.\n<br>\nMe voy a animar a ingresar a Proyecto Trenkehu\u00e9. Estoy seguro que me voy a felicitar por hacerlo. Adem\u00e1s, el simple contacto con una buena Escuela de Astrolog\u00eda cambia la vida. Estoy seguro. \n<\/p><\/div><\/div>\t\t\t\t<\/div>\n\t\t\t\t<\/div>\n\t\t\t\t\t<\/div>\n\t\t<\/div>\n\t\t\t\t\t<\/div>\n\t\t<\/section>\n\t\t<div class=\"elementor-element elementor-element-08f3eb2 e-flex e-con-boxed e-con e-parent\" data-id=\"08f3eb2\" data-element_type=\"container\" data-e-type=\"container\">\n\t\t\t\t\t<div class=\"e-con-inner\">\n\t\t\t\t<div class=\"elementor-element elementor-element-bf6f8ff elementor-widget__width-initial elementor-widget-mobile__width-inherit elementor-widget elementor-widget-heading\" data-id=\"bf6f8ff\" data-element_type=\"widget\" data-e-type=\"widget\" data-widget_type=\"heading.default\">\n\t\t\t\t<div class=\"elementor-widget-container\">\n\t\t\t\t\t<h4 class=\"elementor-heading-title elementor-size-default\">PROGRAMA DE ESTUDIOS \nY\nBIBLIOGRAF\u00cdA \n<\/h4>\t\t\t\t<\/div>\n\t\t\t\t<\/div>\n\t\t\t\t\t<\/div>\n\t\t\t\t<\/div>\n\t\t<div class=\"elementor-element elementor-element-f68d179 e-flex e-con-boxed e-con e-parent\" data-id=\"f68d179\" data-element_type=\"container\" data-e-type=\"container\">\n\t\t\t\t\t<div class=\"e-con-inner\">\n\t\t\t\t<div class=\"elementor-element elementor-element-1bcd26d elementor-widget elementor-widget-html\" data-id=\"1bcd26d\" data-element_type=\"widget\" data-e-type=\"widget\" data-widget_type=\"html.default\">\n\t\t\t\t<div class=\"elementor-widget-container\">\n\t\t\t\t\t<div style=\"background-color: #f7f7f7; padding: 20px; border-radius: 12px; max-width: 1200px; margin: auto; font-family: Arial, sans-serif; color: #333;\">\r\n    <h2 style=\"text-align: center; color: #005b96; font-size: 26px;\">Carrera Profesional de Astrolog\u00eda<\/h2>\r\n    <h3 style=\"text-align: center; font-size: 18px; color: #005b96; font-weight: 400; margin-bottom: 30px;\">Proyecto Trenkehu\u00e9<\/h3>\r\n\r\n    <h3 style=\"color: #005b96; font-size: 22px; margin-top: 20px;\">Programa de Estudios y Bibliograf\u00eda<\/h3>\r\n    <p><strong>Director:<\/strong> Jorge Bosia<\/p>\r\n    \r\n    <h4 style=\"color: #005b96; font-size: 20px; margin-top: 15px;\">El Lenguaje Astrol\u00f3gico<\/h4>\r\n    <ul style=\"padding-left: 20px; line-height: 1.6;\">\r\n        <li><strong>El Zod\u00edaco:<\/strong> Estudio del arte astrol\u00f3gico y su significado. An\u00e1lisis de los doce signos y sus polaridades.<\/li>\r\n        <li><strong>Bibliograf\u00eda:<\/strong> Tiempo y existencia \u2013 Los Signos, Jorge Bosia, Ed. Trenkhu\u00e9, 2024.<\/li>\r\n    <\/ul>\r\n\r\n    <h4 style=\"color: #005b96; font-size: 20px; margin-top: 15px;\">El Sistema de Casas<\/h4>\r\n    <ul style=\"padding-left: 20px; line-height: 1.6;\">\r\n        <li>Concepto y uso de las Casas en Astrolog\u00eda. An\u00e1lisis detallado del significado de cada Casa y su conexi\u00f3n entre ellas.<\/li>\r\n        <li><strong>Bibliograf\u00eda:<\/strong> Las Casas en Astrolog\u00eda, Jorge Bosia, Ed. Trenkehu\u00e9, 2024.<\/li>\r\n    <\/ul>\r\n\r\n    <h4 style=\"color: #005b96; font-size: 20px; margin-top: 15px;\">Los Planetas<\/h4>\r\n    <ul style=\"padding-left: 20px; line-height: 1.6;\">\r\n        <li>An\u00e1lisis de planetas pre-personales, singulares, comunitarios y trans-comunitarios. Regencias y conexiones con mitolog\u00eda.<\/li>\r\n        <li><strong>Bibliograf\u00eda:<\/strong> Los Planetas \u2013 Una antropolog\u00eda celeste, Jorge Bosia, Ed. Trenkehu\u00e9, 2024.<\/li>\r\n    <\/ul>\r\n\r\n    <h4 style=\"color: #005b96; font-size: 20px; margin-top: 15px;\">Los Aspectos<\/h4>\r\n    <ul style=\"padding-left: 20px; line-height: 1.6;\">\r\n        <li>Concepto y an\u00e1lisis de los Aspectos astrol\u00f3gicos. Interpretaci\u00f3n de Aspectos como funci\u00f3n evolutiva.<\/li>\r\n    <\/ul>\r\n\r\n    <h4 style=\"color: #005b96; font-size: 20px; margin-top: 15px;\">La Interpretaci\u00f3n<\/h4>\r\n    <ul style=\"padding-left: 20px; line-height: 1.6;\">\r\n        <li>Balance de Elementos, Casas Derivadas y otros m\u00e9todos interpretativos. La Astrolog\u00eda como herramienta terap\u00e9utica.<\/li>\r\n        <li><strong>Bibliograf\u00eda:<\/strong> Interpretar Cartas Natales, Jorge Bosia, Ed. Trenkehu\u00e9, 2024.<\/li>\r\n    <\/ul>\r\n\r\n    <h4 style=\"color: #005b96; font-size: 20px; margin-top: 15px;\">El Arte de Aconsejar<\/h4>\r\n    <ul style=\"padding-left: 20px; line-height: 1.6;\">\r\n        <li>La Din\u00e1mica de la Luna en la evoluci\u00f3n personal y estrategias para superar condicionantes emocionales.<\/li>\r\n        <li><strong>Bibliograf\u00eda:<\/strong> Estrategias de la emoci\u00f3n \u2013 La Luna astrol\u00f3gica, Jorge Bosia, Ed. Trenkehu\u00e9, 2024.<\/li>\r\n    <\/ul>\r\n\r\n    <h4 style=\"color: #005b96; font-size: 20px; margin-top: 15px;\">La Sinastr\u00eda<\/h4>\r\n    <ul style=\"padding-left: 20px; line-height: 1.6;\">\r\n        <li>Estudio de compatibilidades en relaciones personales y profesionales, aplicando t\u00e9cnicas de la Casa VII.<\/li>\r\n    <\/ul>\r\n\r\n    <h4 style=\"color: #005b96; font-size: 20px; margin-top: 15px;\">La Carta en Movimiento<\/h4>\r\n    <ul style=\"padding-left: 20px; line-height: 1.6;\">\r\n        <li>An\u00e1lisis de tr\u00e1nsitos, progresiones y direcciones, incluyendo ejemplos pr\u00e1cticos.<\/li>\r\n        <li><strong>Bibliograf\u00eda:<\/strong> Danzando con el Cosmos, Jorge Bosia, Ed. Trenkehu\u00e9, 2024.<\/li>\r\n    <\/ul>\r\n\r\n    <h4 style=\"color: #005b96; font-size: 20px; margin-top: 15px;\">Los Ciclos Astrol\u00f3gicos y la Revoluci\u00f3n Solar<\/h4>\r\n    <ul style=\"padding-left: 20px; line-height: 1.6;\">\r\n        <li>Estudio de ciclos astrol\u00f3gicos y su impacto en el proyecto de vida. An\u00e1lisis detallado de la Revoluci\u00f3n Solar.<\/li>\r\n        <li><strong>Bibliograf\u00eda:<\/strong> Danzando con el Cosmos, Jorge Bosia, Ed. Trenkehu\u00e9, 2024.<\/li>\r\n    <\/ul>\r\n\r\n    <h4 style=\"color: #005b96; font-size: 20px; margin-top: 15px;\">Aplicaciones de la Astrolog\u00eda<\/h4>\r\n    <ul style=\"padding-left: 20px; line-height: 1.6;\">\r\n        <li>Astromedicina, orientaci\u00f3n vocacional y astrolog\u00eda pol\u00edtica.<\/li>\r\n        <li>+Info: <a href=\"mailto:secretaria@trenkehue.com.ar\" style=\"color: #005b96; text-decoration: none; font-weight: bold;\">secretaria@trenkehue.com.ar<\/a><\/li>\r\n    <\/ul>\r\n<\/div>\r\n\t\t\t\t<\/div>\n\t\t\t\t<\/div>\n\t\t\t\t\t<\/div>\n\t\t\t\t<\/div>\n\t\t<div class=\"elementor-element elementor-element-ad5fcdf e-flex e-con-boxed e-con e-parent\" data-id=\"ad5fcdf\" data-element_type=\"container\" data-e-type=\"container\">\n\t\t\t\t\t<div class=\"e-con-inner\">\n\t\t\t\t<div class=\"elementor-element elementor-element-e938d48 elementor-widget elementor-widget-text-editor\" data-id=\"e938d48\" data-element_type=\"widget\" data-e-type=\"widget\" data-widget_type=\"text-editor.default\">\n\t\t\t\t<div class=\"elementor-widget-container\">\n\t\t\t\t\t\t\t\t\t<p>Mas ande otro criollo pasa Mart\u00edn Fierro ha de pasar, Nada la hace recular Ni las fantasmas lo espantan; Y dende que todos cantan Yo tambi\u00e9n quiero cantar.<\/p>\t\t\t\t\t\t\t\t<\/div>\n\t\t\t\t<\/div>\n\t\t\t\t\t<\/div>\n\t\t\t\t<\/div>\n\t\t\t\t<\/div>\n\t\t","protected":false},"excerpt":{"rendered":"<p>Carrera de Astrolog\u00eda Presencial en L\u00ednea Carrera de Astrolog\u00eda Presencial en L\u00ednea Carrera de Astrolog\u00eda Presencial en L\u00ednea Estructura: Clases semanales en l\u00ednea de 90 minutos, desde marzo a diciembre. Duraci\u00f3n: 4 ciclos anuales de 9 meses. Horarios: Lunes de 18:45 a 20:15 (hora Argentina). Aceptamos todos los medios de pago Pag\u00e1 en cuotas o [&hellip;]<\/p>\n","protected":false},"author":1,"featured_media":0,"parent":0,"menu_order":0,"comment_status":"closed","ping_status":"closed","template":"elementor_header_footer","meta":{"_joinchat":[],"footnotes":""},"class_list":["post-17","page","type-page","status-publish","hentry"],"_links":{"self":[{"href":"https:\/\/trenkehue.com.ar\/index.php\/wp-json\/wp\/v2\/pages\/17","targetHints":{"allow":["GET"]}}],"collection":[{"href":"https:\/\/trenkehue.com.ar\/index.php\/wp-json\/wp\/v2\/pages"}],"about":[{"href":"https:\/\/trenkehue.com.ar\/index.php\/wp-json\/wp\/v2\/types\/page"}],"author":[{"embeddable":true,"href":"https:\/\/trenkehue.com.ar\/index.php\/wp-json\/wp\/v2\/users\/1"}],"replies":[{"embeddable":true,"href":"https:\/\/trenkehue.com.ar\/index.php\/wp-json\/wp\/v2\/comments?post=17"}],"version-history":[{"count":79,"href":"https:\/\/trenkehue.com.ar\/index.php\/wp-json\/wp\/v2\/pages\/17\/revisions"}],"predecessor-version":[{"id":540,"href":"https:\/\/trenkehue.com.ar\/index.php\/wp-json\/wp\/v2\/pages\/17\/revisions\/540"}],"wp:attachment":[{"href":"https:\/\/trenkehue.com.ar\/index.php\/wp-json\/wp\/v2\/media?parent=17"}],"curies":[{"name":"wp","href":"https:\/\/api.w.org\/{rel}","templated":true}]}}